er when w is divided by g?
1
Let t = 181 - 65. What is the remainder when t is divided by 61?
55
Let n(b) = b**2 + 2*b + 4. Let h be n(-4). Suppose h*q - 148 = 8*q. Let r(z) = z + 19. Calculate the remainder when q is divided by r(-9).
7
Suppose 0 = -8*d + 7*d - 3*g + 1, 0 = -d - 2*g + 5. Calculate the remainder when 58 is divided by d.
6
Let c = 23 + -21. Suppose -4*x - c*x + 78 = 0. Calculate the remainder when x is divided by (-5)/(-2)*(-16)/(-10).
1
Calculate the remainder when (-67 - -64)*(-244)/6 is divided by 16.
10
Suppose 0 = 4*v - 4, -4 = -5*c + 4*v - 8. Suppose c = -2*p - 10, 3*f + 4*p - 21 = p. What is the remainder when 67 is divided by f?
7
Suppose v + 7 = 5*l + 26, -l - 119 = -5*v. Suppose 0 = 3*c - 3*a - 30, -4*a = -4*c + a + 45. What is the remainder when v is divided by c?
4
Let c = 35 - -19. What is the remainder when 105 is divided by c?
51
Calculate the remainder when 411 is divided by (-18 - 5)*24/(-16 - -8).
66
Let b be (-2)/(-13) + (-504)/(-104). Suppose 0*a - 48 = -2*x + 4*a, -b*x + 114 = -4*a. Suppose -2*o + x = -o. Calculate the remainder when 65 is divided by o.
21
Let d = 1820 - 1772. Let h(g) = 0*g**2 - 2*g + 1 - 2*g**2 + 5*g**2. Calculate the remainder when d is divided by h(-2).
14
Suppose -3*l - 3*a = -6, -4*l + 2*a + 0*a - 4 = 0. Suppose l = 2*h - h - 33. What is the remainder when h is divided by 5?
3
What is the remainder when 78 is divided by 118/7 + 496/434?
6
Suppose -r + 26 - 1 = -3*k, -5*r + 106 = 4*k. What is the remainder when 81 is divided by r?
15
Let n(m) = m**3 + 3*m**2 + m + 94. Calculate the remainder when 1127 is divided by n(0).
93
Suppose 2067 = -12*s - s. Let g = -104 - s. What is the remainder when g is divided by 33?
22
Let d(c) = -c**3 + 16*c**2 - 12*c - 38. Calculate the remainder when 95 is divided by d(15).
4
Let y be (-4)/(-18) - (-512)/(-36). Let j(q) = -2*q - 15. What is the remainder when 36 is divided by j(y)?
10
Suppose -5*a = -q + 33, -4*a - 28 = -5*q + 74. Let i be 4/(-10) - (-7)/5. Calculate the remainder when 2 - -26*2 - i is divided by q.
17
Let h(x) = 5*x**3 + x**2 + x - 2. Let n be h(2). Suppose n = 4*g - 16. Calculate the remainder when 39 is divided by g/(-40) + (-163)/(-8).
19
Let v = 27 - 12. Suppose -2*s - 4*m + 18 = 0, -3*m = 5*s - 8*m - v. What is the remainder when 9 is divided by s?
4
Suppose 0 = 5*r - 193 - 102. Calculate the remainder when r is divided by 15.
14
Calculate the remainder when 6 - -4*(-51)/(-6) is divided by 28.
12
What is the remainder when 110 + (-1)/12 + (-511)/(-84) is divided by 43?
30
Let u = 3 + 31. Suppose -51*s + 178 = -77. What is the remainder when u is divided by s?
4
Let p be (-3)/(-1 - (-34)/40). Let w = p - 4. Let x(g) = 3*g**2 + 167*g - 1064. Calculate the remainder when x(6) is divided by w.
14
Suppose 35*b - 6234 = 32*b. Calculate the remainder when b is divided by 40.
38
Let h = 69 - 188. What is the remainder when h/(-2) - ((-45)/(-6))/5 is divided by 15?
13
Let f = 19 + -15. Suppose -f*c + 219 = -c. Suppose -c = -2*y - 11. Calculate the remainder when y is divided by 17.
14
Suppose 4*f = -2*o + 112, -3*o - 4*f - f = -170. Calculate the remainder when o is divided by 32.
28
Let b = -15 + 19. Suppose 1 = 3*c + b*d - 7, 2*c - 13 = 5*d. Calculate the remainder when 5 is divided by c.
1
What is the remainder when 153 is divided by 50/(-10)*(-22)/10?
10
Let u be (-3)/9 + 130/(-15). Calculate the remainder when 6 is divided by u*((-14)/6 - -2).
0
Let o(s) be the second derivative of -s**5/20 - s**4/2 + 11*s**3/6 + 19*s**2/2 - 10*s. What is the remainder when o(-8) is divided by 12?
11
Let m = -283 - -309. Suppose 5*y - d - 22 = 0, -2*d = -y - 4*d. Suppose -g + y*g = 0, -g = -p + 102. Calculate the remainder when p is divided by m.
24
Let f = 55 + -28. Calculate the remainder when (((-399)/(-6))/19 - 9)/((-2)/28) is divided by f.
23
Let l(p) = 3 - 7*p - 4*p - 17 + 0 - p**2. Suppose 0 = 2*a - 5*a + 162. What is the remainder when a is divided by l(-7)?
12
Let h = 4 + -6. Let l(r) = -17*r - 2. What is the remainder when l(h) is divided by 370/(-148) + 2/4 + 13?
10
Suppose 1440 = -7*c + 5507. What is the remainder when c is divided by 21?
14
Suppose -p + 0*p - 78 = -2*n, 0 = -p + 4. Let t = n + -28. Suppose -t = -s - 1. What is the remainder when s is divided by 8?
4
Suppose 0 = 2*v - 5*f - 5, -6*v + 4*f = -2*v - 16. Suppose 3*t - 4*l = 50 + 63, -v*t + 171 = 2*l. Calculate the remainder when t is divided by 10.
5
Suppose -3*l = -15, 3*l = -3*r + 5*l - 55. What is the remainder when (r - -2)*-7 - 1 is divided by (2*23)/(4/2)?
21
Suppose 0 = -5*j - 483 + 2803. What is the remainder when j is divided by 26?
22
Let w(p) = p**3 + 4*p**2 - 6*p + 2. Suppose -2*u + 6 + 72 = 0. What is the remainder when (-5)/(-10) + u/2 is divided by w(-5)?
6
Suppose -148 + 48 = -4*z. Let j(f) = 57*f - 899. Calculate the remainder when z is divided by j(16).
12
Suppose 0 = -6*c + 39 + 33. Suppose 7*w = 93 + c. What is the remainder when 178 is divided by w?
13
Suppose 3*o = -o + 5*p + 21, -4*p + 39 = 3*o. Suppose 4*l = 5*d - 99, d + 2*d - l - 58 = 0. What is the remainder when d is divided by o?
1
Suppose 10 = -3*x + r, 22 = -4*x - x + 3*r. What is the remainder when 3 is divided by (x/(-2))/(2/6)?
0
Let t = -407 + 469. Calculate the remainder when t is divided by 22.
18
Suppose -2*a + 5*z + 634 = 0, 0*z = -2*z. What is the remainder when a is divided by 32?
29
Let w = 53 - 26. Calculate the remainder when w is divided by (15 - -3) + (-2)/(-2)*-3.
12
Let l be (40/(-30))/(2/(-12)). Let v = 3 + l. Suppose 5*z - v - 19 = -5*n, -36 = -5*z - 3*n. What is the remainder when 34 is divided by z?
7
Let o = -326 + 346. What is the remainder when 1499 is divided by o?
19
Suppose -4*u + 4*f + 412 = 0, 0 = -2*u + 4*f - 8*f + 182. Calculate the remainder when 251 is divided by u.
53
Suppose -27 - 30 = -3*j. Suppose 0 = -3*c - 4*k + 278, -2*c + 0*c + 193 = -5*k. What is the remainder when c is divided by j?
18
Let z(x) = -x**2 - 8*x + 8. Let q be z(-8). Suppose q*i = 3*i + 40. Let m(y) = 37*y. Calculate the remainder when m(1) is divided by i.
5
Calculate the remainder when 81 is divided by 47 - ((-15)/4)/(18/(-24)).
39
Let v = -30 + 57. Let j(z) = -107*z**2 - 4*z + 5. Let b(a) = 53*a**2 + 2*a - 2. Let f(t) = 5*b(t) + 2*j(t). Calculate the remainder when f(1) is divided by v.
26
Let g(m) = -62*m**3 - m**2 - 3*m - 1. Calculate the remainder when 169 is divided by g(-1).
43
Let p = 3 + 0. Let h(q) = -5*q + 2*q - p + 3*q**2 + 0*q**2. What is the remainder when h(5) is divided by 29?
28
Let n = 19 + -17. Suppose -n*u + 4 = 40. Let i = u + 22. What is the remainder when i is divided by 1?
0
Let p = 847 - 705. What is the remainder when p is divided by 75?
67
Let j be (-2)/5 - (-396)/(-10). Calculate the remainder when 79 is divided by (j/(-2))/((-2)/(-4)).
39
Let r(f) = 15*f**2 + 2*f - 1. Let z(c) = -4*c**2 + 3*c + 4. Let t be z(3). Let l = 25 + t. Calculate the remainder when r(l) is divided by 16.
15
Suppose 10*p - 9*p - 33 = 0. What is the remainder when 113 is divided by p?
14
Suppose -92 = -16*l + 12*l. Calculate the remainder when l is divided by 7.
2
Suppose -5*w - 6 = -f - w, -5*f + 2*w + 12 = 0. Suppose f*p = 3*p - 4. Suppose 2*q - p = 4. What is the remainder when q is divided by 2?
0
Let f(n) = -n**2 + 7*n. Let m = -21 + 29. Let o be (m/2)/((-2)/(-3)). What is the remainder when 16 is divided by f(o)?
4
Let v = 23 - 5. Suppose 0 = 4*q + 4*p + 8, -5*p = 46*q - 48*q + 45. Calculate the remainder when v is divided by q.
3
Let y(z) = 3*z**3 - 40*z**2 - 25*z - 6. Suppose 5*q + 3*v - 13 = -0*q, 3*q = 3*v + 3. Calculate the remainder when y(14) is divided by 13 + q/1 - 2.
10
Let x = -40 + 47. Suppose 4*s - 15 = 5. Calculate the remainder when x is divided by s.
2
Let p(m) = 11*m**3 - 35*m**2 - 17*m + 48. Let n(a) = -4*a**3 + 12*a**2 + 6*a - 16. Let o(v) = -8*n(v) - 3*p(v). What is the remainder when o(9) is divided by 3?
2
Suppose 0 = -u - 5*b + 89, 3*b - 7*b = -3*u + 362. Let r(w) = -4*w**3 + 31*w**2 + 15*w - 17. Calculate the remainder when u is divided by r(8).
36
What is the remainder when (3/(30/(-136)))/(34/(-85)) is divided by 17?
0
Suppose -125*b + 322*b - 1699 = 1059. Calculate the remainder when (-1 - (-25 - 1)) + -1 is divided by b.
10
Let b = 958 + -941. What is